umber?
False
Is 2854127 composite?
False
Is 97064731 composite?
False
Is 113155151 composite?
False
Is 12274345 prime?
False
Is 12993791 a composite number?
True
Is 590997637 composite?
False
Is 19819969 a composite number?
True
Is 5846943 a prime number?
False
Is 50376197 a prime number?
True
Is 790737667 prime?
True
Is 76784503 a prime number?
True
Is 89689 composite?
False
Is 17225467 prime?
False
Is 28891091 a composite number?
True
Is 2526367 prime?
False
Is 18043469 a prime number?
True
Is 18296029 prime?
False
Is 2586289 a composite number?
False
Is 90295643 composite?
True
Is 71424887 a prime number?
True
Is 1900831 prime?
True
Is 144223 composite?
False
Is 545597 composite?
True
Is 84115739 a composite number?
False
Is 57433 a composite number?
True
Is 2443027 prime?
True
Is 198618961 composite?
True
Is 67880815 a composite number?
True
Is 3513973 composite?
True
Is 2016349 a prime number?
True
Is 272250961 a prime number?
True
Is 50560423 composite?
False
Is 878593 composite?
False
Is 1139041 a prime number?
True
Is 23825617 prime?
False
Is 8178673 a prime number?
False
Is 195995515 prime?
False
Is 204699967 a composite number?
True
Is 131431 a prime number?
True
Is 5706607 prime?
False
Is 120763 a composite number?
False
Is 19936333 prime?
False
Is 12326753 composite?
False
Is 24890051 a prime number?
True
Is 18390157 composite?
True
Is 759914105 prime?
False
Is 10155241 a composite number?
False
Is 3171653 a prime number?
True
Is 16601873 a composite number?
True
Is 107834437 composite?
False
Is 2039549 a composite number?
False
Is 52889227 composite?
True
Is 228791 a prime number?
False
Is 712167593 a prime number?
True
Is 175395359 a composite number?
False
Is 36471691 prime?
True
Is 5295457 a composite number?
True
Is 60134437 a prime number?
False
Is 13348327 prime?
True
Is 21829187 prime?
True
Is 8369173 prime?
False
Is 42959387 a prime number?
True
Is 2945959 a composite number?
False
Is 3991127 prime?
False
Is 15959 a composite number?
False
Is 8307374 a prime number?
False
Is 154675751 a composite number?
True
Is 235520021 a composite number?
True
Is 26324911 composite?
True
Is 336434755 a prime number?
False
Is 2918999 prime?
False
Is 15302249 a composite number?
False
Is 72002285 prime?
False
Is 192765817 composite?
False
Is 10901 a prime number?
False
Is 39227603 a prime number?
True
Is 10146953 a composite number?
False
Is 59284711 a composite number?
False
Is 51306037 composite?
False
Is 67383373 a prime number?
False
Is 47236339 composite?
False
Is 22954507 a prime number?
True
Is 280999807 a composite number?
True
Is 128757311 a prime number?
False
Is 7195093 composite?
True
Is 61680907 composite?
False
Is 1769029 a prime number?
False
Is 4626761 prime?
True
Is 581958617 a prime number?
True
Is 2801117 prime?
False
Is 1256737 prime?
True
Is 23917129 composite?
False
Is 36204505 a prime number?
False
Is 6814321 prime?
False
Is 7247897 a composite number?
False
Is 19363317 composite?
True
Is 1435271 a composite number?
False
Is 14346019 a composite number?
True
Is 606915137 a prime number?
False
Is 13365883 a composite number?
False
Is 4537457 a composite number?
True
Is 481940083 a composite number?
False
Is 59989361 a prime number?
False
Is 91967459 composite?
True
Is 6077393 a prime number?
False
Is 46399649 a prime number?
True
Is 72324373 a composite number?
True
Is 13368469 composite?
False
Is 26856877 a composite number?
False
Is 491478101 prime?
True
Is 398737 a prime number?
False
Is 671051 prime?
False
Is 8436271 a prime number?
True
Is 78569 a composite number?
False
Is 64220491 a prime number?
False
Is 59607391 a composite number?
False
Is 6075926 a composite number?
True
Is 18087313 composite?
False
Is 241885103 a composite number?
True
Is 23150521 a prime number?
False
Is 794531 prime?
True
Is 3072911 prime?
True
Is 175189753 prime?
True
Is 271289 a prime number?
True
Is 146453887 a prime number?
True
Is 286771 composite?
False
Is 11096497 a prime number?
True
Is 5239621 composite?
True
Is 122663 prime?
True
Is 121054931 a prime number?
True
Is 13392761 composite?
False
Is 11925533 prime?
True
Is 120041615 a prime number?
False
Is 44221211 prime?
True
Is 50668207 prime?
False
Is 6357179 prime?
True
Is 38121113 a composite number?
False
Is 27634067 prime?
True
Is 104393873 a prime number?
False
Is 31611507 composite?
True
Is 50373877 prime?
True
Is 1054133 a composite number?
False
Is 15143641 composite?
False
Is 1786321 composite?
True
Is 955559 composite?
True
Is 3346319 a prime number?
False
Is 448981 prime?
False
Is 168354601 prime?
True
Is 1127311 composite?
False
Is 30063659 prime?
True
Is 5949397 composite?
False
Is 800023457 prime?
True
Is 141236157 a composite number?
True
Is 15425647 composite?
True
Is 10691843 a composite number?
True
Is 32420629 composite?
False
Is 31174849 prime?
False
Is 234428839 a prime number?
True
Is 11254447 composite?
False
Is 101081 a prime number?
True
Is 20247311 a composite number?
True
Is 91411934 a composite number?
True
Is 444879881 a composite number?
True
Is 474959 prime?
True
Is 6316871 prime?
False
Is 47953049 a composite number?
False
Is 2154343 prime?
False
Is 874791419 a prime number?
True
Is 130769 composite?
False
Is 26092733 a prime number?
False
Is 1635569 a composite number?
True
Is 103100983 composite?
True
Is 67570927 a composite number?
False
Is 4466437 a composite number?
True
Is 15530293 a prime number?
True
Is 21548303 a prime number?
False
Is 2281252577 composite?
False
Is 555143 prime?
True
Is 274579 prime?
True
Is 568489 a prime number?
False
Is 8128753 a composite number?
False
Is 148961797 a prime number?
True
Is 43787083 composite?
False
Is 95190211 a prime number?
True
Is 5106167 composite?
True
Is 59627873 composite?
False
Is 1174549 composite?
False
Is 269809 composite?
True
Is 71460211 prime?
False
Is 837041 composite?
True
Is 1202423 prime?
True
Is 16052219 a composite number?
False
Is 2894839 composite?
False
Is 92976241 a composite number?
False
Is 60424701 a composite number?
True
Is 50327567 composite?
False
Is 33608749 composite?
True
Is 633493 composite?
True
Is 189483863 prime?
True
Is 10556947 prime?
True
Is 422179 prime?
False
Is 58466917 a prime number?
True
Is 85005377 prime?
True
Is 197785721 a composite number?
True
Is 418962961 composite?
True
Is 15290273 a prime number?
False
Is 514907 a prime number?
False
Is 1453597 a prime number?
True
Is 15107159 a composite number?
True
Is 1310251 a prime number?
True
Is 88771951 prime?
True
Is 99225439 a prime number?
False
Is 367841 prime?
True
Is 8097077 prime?
True
Is 205183963 a composite number?
False
Is 98797219 prime?
True
Is 410929 prime?
True
Is 52660249 a composite number?
False
Is 306214 prime?
False
Is 11785001 a composite number?
False
Is 51626893 prime?
False
Is 1879159 a prime number?
False
Is 31504211 a prime number?
False
Is 5538431 prime?
True
Is 649618267 prime?
True
Is 3073823 a composite number?
True
Is 2176879 composite?
True
Is 3014051 prime?
True
Is 29202791 a prime number?
False
Is 934343 composite?
False
Is 106469567 a composite number?
False
Is 334064389 a prime number?
True
Is 109740191 a prime number?
False
Is 389199 composite?
True
Is 24277849 composite?
False
Is 12694207 prime?
True
Is 22173223 a prime number?
True
Is 3889127 prime?
False
Is 18753647 a prime number?
False
Is 2354402 a prime number?
False
Is 1512880211 a composite number?
False
Is 11961727 composite?
True
Is 122473123 a prime number?
True
Is 38983769 prime?
False
Is 483202999 prime?
False
Is 4007407 prime?
True
Is 9439187 prime?
False
Is 16975867 a prime number?
True
Is 450713995 a composite number?
True
Is 961207 a prime number?
False
Is 7136537 a composite number?
False
Is 4171313 a composite number?
False
Is 225692963 a prime number?
False
Is 1796480161 prime?
False
Is 84467869 a composite number?
False
Is 14334539 a composite number?
True
Is 2319431 a composite number?
False
Is 140768569 a prime number?
False
Is 585760429 composite?
False
Is 1026661 composite?
False
Is 751549 prime?
True
Is 52714573 composite?
False
Is 9564691 prime?
True
Is 8351087 prime?
True
Is 22624309 a composite number?
True
Is 250949 prime?
True
Is 320378407 composite?
False
Is 220327 composite?
False
